 = 5*o, 4*w - 2*o = 222. Let i be (w/(-6))/((-10)/15). What is the highest common divisor of 14 and i?
14
Suppose -55*y = -494 - 826. What is the highest common divisor of y and 888?
24
Let z(d) = -d**3 - 9*d**2 - 14*d + 3. Let v be z(-7). Suppose 77 - 23 = v*y. Calculate the greatest common divisor of y and 54.
18
Let z(r) = -4*r + 3024. Let i be z(0). Calculate the highest common divisor of 84 and i.
84
Suppose 0 = -o - 3*o + 148. Let j = o - 25. Calculate the highest common divisor of j and 12.
12
Let v be ((-2)/(-4))/((-2)/(-68)). Suppose -5*l = -5*x - 320, 238*l - 241*l - x = -208. What is the greatest common divisor of v and l?
17
Let b = 377 + -290. Calculate the highest common factor of b and 3.
3
Let i be (-2 - 19/(-2))*-12. Let g = -85 - i. Let z be (-3)/(-1)*4/6. What is the highest common factor of g and z?
1
Let w be (-11)/((-33)/(-6)) + 54. What is the highest common factor of w and 4?
4
Let z be ((-2)/2 + -3)*-1. Let j be (111/37)/((-6)/(-32)). Calculate the highest common divisor of j and z.
4
Let j = 26 - 64. Let c = -34 - j. Suppose 0*h = -2*u + h + 23, u = -3*h + 1. What is the highest common factor of u and c?
2
Let s(k) = 2 - 365*k + 724*k - 364*k. Let o be -1 + -1*(0 + 1). Let j be s(o). What is the highest common divisor of 108 and j?
12
Suppose 4*f + 4 = v - 1, 10 = 2*v. Suppose 0 = 5*y + 4*o - 35, -5*y - 2*o + 38 - 3 = f. Calculate the highest common divisor of y and 21.
7
Suppose 0 = 3*u - 6*u. Let s(k) = -4*k - 12. Let d be s(-4). Suppose u = d*o - 219 - 265. What is the greatest common factor of o and 11?
11
Let h = 30 + -20. Let z = 440 + -435. Calculate the highest common divisor of z and h.
5
Suppose -599 = -43*b + 1336. Let n = -84 - -219. Calculate the highest common divisor of n and b.
45
Let d be (-1)/(1/(-16))*(-3)/(-2). Suppose -4*q + 64 + d = 0. Let l be (5/(10/132))/1. Calculate the highest common divisor of l and q.
22
Let b = 115 - 55. Let v be (16/10)/(6/b). Calculate the highest common divisor of v and 8.
8
Let a = 278 - 175. Suppose -4*o - a + 163 = 0. What is the greatest common divisor of 195 and o?
15
Suppose 8*w = 3*w - 10. Let r be w/6*-3 - (-3 - 9). What is the highest common factor of r and 169?
13
Let z be (6*8/4 - 5) + 3. Calculate the highest common divisor of 230 and z.
10
Suppose 0 = 8*n - 82 + 34. Let g be (-4)/n + (-107)/(-3). Let s = 11 + -6. What is the highest common divisor of s and g?
5
Let j be 1370/(7 - 2) - 70/(-14). Calculate the greatest common divisor of j and 9.
9
Suppose 278*n + 180 = 287*n. Calculate the highest common divisor of n and 260.
20
Suppose 5*f - 2*l = -7*l - 25, 0 = l + 5. Let c be (4 - 7)*-6 - (1 + f). Calculate the greatest common divisor of c and 17.
17
Let k(t) = 25*t**3 + 2*t**2 - 5*t + 2. Let h be k(3). What is the greatest common divisor of h and 85?
85
Suppose 253*v = 267*v - 280. Calculate the highest common factor of 140 and v.
20
Suppose 8 = a - 3*j - 0*j, 5*a - 50 = 5*j. Suppose -a*p = 3*p - 210. Calculate the greatest common divisor of 30 and p.
15
Suppose 0 = j - 8 - 6. Suppose -180 = 10*c - j*c. What is the highest common divisor of 15 and c?
15
Suppose 0*t - 2*t = 2*b + 8, -2*b = 3*t + 6. Let w = b + 6. Suppose w = -3*g + 32 - 8. Calculate the highest common divisor of g and 4.
4
Suppose -4*n + 11 = 3. Suppose 5*c - n*c = 3, 4*c = 4*s - 148. Suppose 14 + s = 2*k - 4*v, 5*v = -k - 2. What is the highest common divisor of k and 144?
18
Let b(d) = -1 + 18*d**2 + d + 4*d**2 + 2. Let y be b(-1). What is the greatest common divisor of 33 and y?
11
Suppose s + u + 27 = -0*u, -2*s - 4*u - 60 = 0. Let c = s + 60. Suppose -c = -4*l - 4. What is the highest common factor of l and 16?
8
Suppose -4*p + 5*o + 44 = -90, -10*o + 42 = 2*p. Let a(q) = -q**2 + 217. Let z be a(0). What is the greatest common factor of p and z?
31
Let w = -14 + 13. Let v(k) = -76*k**3 - k. Let n be v(w). Calculate the greatest common factor of 22 and n.
11
Let p be (135/(-4))/(120/(-576)). What is the greatest common divisor of p and 18?
18
Suppose 4*i = -i - 10, 4*m = -i + 154. Calculate the greatest common divisor of 117 and m.
39
Let c(s) = 10*s**3 + 2*s**2 + 11. Let a be c(3). Calculate the greatest common divisor of a and 23.
23
Suppose -1255 = -28*v + 23*v. Let d = -151 + v. What is the greatest common divisor of d and 25?
25
Suppose -212 = h - 5*h - 4*p, 3*h - 165 = 3*p. Let l = -33 + h. Let m = -272 + 419. Calculate the highest common factor of l and m.
21
Suppose -25*f - 81 = -26*f. Calculate the greatest common divisor of 1215 and f.
81
Let j be ((-54)/8)/((-48)/128). Suppose 0*i - 3*i = o - 18, j = 3*o - 3*i. Suppose 2 - 38 = -4*b. Calculate the greatest common factor of o and b.
9
Let z(c) = 7*c + 330. Let v be z(-45). Let m = 2 + 8. Calculate the greatest common factor of v and m.
5
Suppose 0*b = 4*b - 72. Suppose 3*d = -d - 20, -4*q = -5*d - 313. What is the greatest common divisor of q and b?
18
Suppose 0 = -5*u + 801 - 261. Let q(v) = -v**2 - 9*v - 6. Let b be q(-6). What is the highest common factor of b and u?
12
Let w be 1 + (-4)/(-12) - (-46)/6. Suppose 5*c = -5*x + 205 + 215, c = 5*x + 66. What is the highest common divisor of w and c?
9
Let x(u) = -u**2 - 45*u - 22. Let j be x(-33). What is the highest common factor of j and 238?
34
Let l be 6/27 + (-214)/(-9). Suppose m + 10 = l. What is the greatest common divisor of m and 28?
14
Suppose 108 = -17*n + 975. Calculate the highest common factor of 459 and n.
51
Let u = 131 + -94. Suppose -f - 5 - u = -3*i, 0 = 3*i - 5*f - 42. What is the greatest common divisor of i and 56?
14
Let t(d) = -7*d - 3. Let o be t(-8). Suppose 162 = -47*x + o*x. What is the greatest common factor of 18 and x?
9
Let f be 1173/68 + -2 + 14/8. What is the greatest common factor of 18 and f?
1
Let y = 422 - 260. Calculate the highest common factor of y and 9.
9
Suppose 9*n - 11*n = 0. Let g(w) = w**3 - 3*w**2 - 3*w + 13. Let d be g(n). Suppose 0*k + 5*k = 520. Calculate the greatest common factor of d and k.
13
Let n be (-18)/4 + (-12)/8. Let g be (-25)/20 + n/8. Let q be (84 - g) + 3 + -1. Calculate the highest common divisor of q and 11.
11
Suppose 40 = 3*o - 20. What is the highest common factor of o and 2?
2
Let r(z) = 5*z - 4. Let l be r(2). Suppose -3*x = -6*x + l. Suppose -x*m = 2*u - 40, -4*m + 3*u = -9*m + 108. Calculate the highest common divisor of m and 72.
24
Suppose w = -3*w + 16. Suppose w - 20 = 2*y + 2*l, 12 = -3*y + l. Let d be (-80)/24*18/y. Calculate the greatest common factor of d and 36.
12
Let d be ((-3)/(-4))/(2/8). Let h(b) be the first derivative of -5*b**2/2 - 6*b - 9. Let i be h(-3). Calculate the highest common factor of d and i.
3
Let u = -394 - -739. Calculate the greatest common divisor of 138 and u.
69
Suppose -a + 30 = 69. Let v = -13 - a. What is the greatest common divisor of v and 182?
26
Let u = 8 + 2. Suppose 9*v = 7*v + u. What is the highest common factor of v and 55?
5
Suppose -41*o - 890 = -42*o - 2*a, -a = 2*o - 1777. Calculate the greatest common divisor of 37 and o.
37
Let s be (12/5)/(15/100). Let a(w) = w**3 - 15*w**2 - 15*w - 12. Let n be a(16). Calculate the highest common factor of s and n.
4
Suppose 5*f - 927 = -0*b - b, -2*b = -3*f + 564. Let x = -110 + f. Suppose x - 652 = -4*l. Calculate the greatest common divisor of l and 18.
18
Suppose -4*p = -5193 + 1993. Calculate the greatest common divisor of p and 80.
80
Suppose -4*w = -w - 2*t - 20, w - 4*t = 0. Let f = 10 - w. Suppose -f*a + 2*u + 30 = 0, 5*a - 93 = -5*u + 2. What is the greatest common divisor of 102 and a?
17
Let i = 65 - 45. Suppose 6*b - 30 = 5*b - 4*d, 0 = b + 2*d - i. What is the greatest common divisor of b and 110?
10
Let o = -1219 - -1327. Calculate the greatest common divisor of o and 4.
4
Let v(a) = -8*a + 27. Let h be v(-8). What is the greatest common factor of h and 21?
7
Let d be (-60)/8 + (-3)/(-2). Let w = -3 - d. Suppose z = -w*z + 100. What is the greatest common divisor of 10 and z?
5
Suppose 0 = 4*n - 2*n - 280. Let h be (-56)/(-8) - 0/(-1). Calculate the highest common factor of h and n.
7
Suppose l = -4*f + 57, 5*f - 5*l - 69 = -7*l. What is the greatest common factor of 40 and f?
5
Let o(t) = -t**3 + 15*t**2 + 16*t + 5. Let g be o(16). Suppose g*s = 2*s + 36. Let b = -19 + 43. Calculate the highe